{"id":1112,"date":"2021-07-26T21:06:52","date_gmt":"2021-07-27T00:06:52","guid":{"rendered":"http:\/\/restaurantemiyo.com.br\/?page_id=1112"},"modified":"2021-07-31T23:02:20","modified_gmt":"2021-08-01T02:02:20","slug":"bebidas","status":"publish","type":"page","link":"http:\/\/restaurantemiyo.com.br\/index.php\/bebidas\/","title":{"rendered":"Bebidas"},"content":{"rendered":"<h1><strong>DIVERSOS<\/strong><\/h1>\n<ul>\n<li>\n<h2>\u00e1gua com g\u00e1s<\/h2>\n<\/li>\n<li>\n<h2>\u00e1gua sem g\u00e1s<\/h2>\n<\/li>\n<li>\n<h2>ice tea pessego<\/h2>\n<\/li>\n<li>\n<h2>ice tea lim\u00e3o<\/h2>\n<\/li>\n<li>\n<h2>ice tea matte<\/h2>\n<\/li>\n<li>\n<h2>energ\u00e9tico<\/h2>\n<\/li>\n<li>\n<h2>suco del vale<\/h2>\n<\/li>\n<\/ul>\n<h1><strong>SUCOS (copo ou jarra)<\/strong><\/h1>\n<ul>\n<li>\n<h2>abacaxi<\/h2>\n<\/li>\n<li>\n<h2>acerola<\/h2>\n<\/li>\n<li>\n<h2>laranja<\/h2>\n<\/li>\n<li>\n<h2>laranja com acerola<\/h2>\n<\/li>\n<li>\n<h2>limonada<\/h2>\n<\/li>\n<li>\n<h2>maracuj\u00e1<\/h2>\n<\/li>\n<li>\n<h2>maracuj\u00e1 com leite<\/h2>\n<\/li>\n<li>\n<h2>morango<\/h2>\n<\/li>\n<li>\n<h2>morango com leite<\/h2>\n<\/li>\n<\/ul>\n<h1><strong>REFRIGERANTE<\/strong><\/h1>\n<ul>\n<li>\n<h2>citrus<\/h2>\n<\/li>\n<li>\n<h2>coca-cola<\/h2>\n<\/li>\n<li>\n<h2>coca-cola zero<\/h2>\n<\/li>\n<li>\n<h2>guaran\u00e1<\/h2>\n<\/li>\n<li>\n<h2>guaran\u00e1 zero<\/h2>\n<\/li>\n<li>\n<h2>fanta<\/h2>\n<\/li>\n<li>\n<h2>fanta guaran\u00e1<\/h2>\n<\/li>\n<li>\n<h2>h2o lim\u00e3o<\/h2>\n<\/li>\n<li>\n<h2>h2o limoneto<\/h2>\n<\/li>\n<li>\n<h2>sprite<\/h2>\n<\/li>\n<li>\n<h2>tonica<\/h2>\n<\/li>\n<\/ul>\n<h1><strong>ESPECIAIS LONG NECK<\/strong><\/h1>\n<ul>\n<li>\n<h2>eisenbahn weizenbier (cerveja de trigo tipo weizenbier)<\/h2>\n<\/li>\n<li>\n<h2>eisenbahn malt pilsner (pilsen puro malte)<\/h2>\n<\/li>\n<li>\n<h2>eisenbahn dark strong ale (puro malte forte escura tipo sronggale)<\/h2>\n<\/li>\n<li>\n<h2>eisenbahn dunkel (puro malte extra escura tipo dunkel)<\/h2>\n<\/li>\n<\/ul>\n<h1><strong>LONG NECK<\/strong><\/h1>\n<ul>\n<li>\n<h2>budweiser<\/h2>\n<\/li>\n<li>\n<h2>heineken<\/h2>\n<\/li>\n<li>\n<h2>malzebier<\/h2>\n<\/li>\n<li>\n<h2>stella artois<\/h2>\n<\/li>\n<\/ul>\n<h1><strong>GARRAFA<\/strong><\/h1>\n<ul>\n<li>\n<h2>amstel<\/h2>\n<\/li>\n<li>\n<h2>budweiser<\/h2>\n<\/li>\n<li>\n<h2>heineken<\/h2>\n<\/li>\n<li>\n<h2>original<\/h2>\n<\/li>\n<\/ul>\n<h1><strong>SAKE<\/strong><\/h1>\n<ul>\n<li>\n<h2>importado ozeki (dose: gelado ou quente)<\/h2>\n<\/li>\n<li>\n<h2>importado ozeki (garrafa)<\/h2>\n<\/li>\n<li>\n<h2>azuma dourado (dose: gelado ou quente)<\/h2>\n<\/li>\n<li>\n<h2>azuma dourado (garrafa)<\/h2>\n<\/li>\n<li>\n<h2>azuma kirin arroz (dose)<\/h2>\n<\/li>\n<\/ul>\n<h1><strong>DRINKS<\/strong><\/h1>\n<ul>\n<li>\n<h2>amarula<\/h2>\n<\/li>\n<li>\n<h2>bacardi<\/h2>\n<\/li>\n<li>\n<h2>cointreau<\/h2>\n<\/li>\n<li>\n<h2>vodka absolut<\/h2>\n<\/li>\n<li>\n<h2>vodka smirnoff<\/h2>\n<\/li>\n<li>\n<h2>caipirinha (pinga ou sagatiba)<\/h2>\n<\/li>\n<li>\n<h2>caipiroska (vodka)<\/h2>\n<\/li>\n<li>\n<h2>tekila<\/h2>\n<\/li>\n<\/ul>\n<h1><strong>SAKERINHA<\/strong><\/h1>\n<ul>\n<li>\n<h2>abacaxi<\/h2>\n<\/li>\n<li>\n<h2>kiwi<\/h2>\n<\/li>\n<li>\n<h2>lim\u00e3o<\/h2>\n<\/li>\n<li>\n<h2>morango<\/h2>\n<\/li>\n<li>\n<h2>mista (abacaxi, kiwi e morango)<\/h2>\n<\/li>\n<\/ul>\n<h1><strong>WISKY<\/strong><\/h1>\n<ul>\n<li>\n<h2>ballantines\u00a0(dose 50 ml)<\/h2>\n<\/li>\n<li>\n<h2>chivas\u00a0(dose 50 ml)<\/h2>\n<\/li>\n<li>\n<h2>johnnie walker red label\u00a0(dose 50 ml)<\/h2>\n<\/li>\n<li>\n<h2>johnnie walker black label\u00a0(dose 50 ml)<\/h2>\n<\/li>\n<li>\n<h2>velho barreiro (dose 50 ml)<\/h2>\n<\/li>\n<\/ul>\n<h1><strong>VINHOS ESPUMANTES<\/strong><\/h1>\n<ul>\n<li>\n<h2>quinta do morgado mosacatel<\/h2>\n<\/li>\n<li>\n<h2>almad\u00e9m demi sec<\/h2>\n<\/li>\n<li>\n<h2>chandon demi sec<\/h2>\n<\/li>\n<\/ul>\n<h1><strong>VINHOS BRANCOS<\/strong><\/h1>\n<ul>\n<li>\n<h2>miolo sele\u00e7\u00e3o chardonnay\/viognier<\/h2>\n<\/li>\n<li>\n<h2>latitud chardonnay<\/h2>\n<\/li>\n<li>\n<h2>cordillera andina sauvignon blank<\/h2>\n<\/li>\n<li>\n<h2>casal garcia swit<\/h2>\n<\/li>\n<\/ul>\n<h1><strong>VINHOS TINTOS<\/strong><\/h1>\n<ul>\n<li>\n<h2>la finca malbec<\/h2>\n<\/li>\n<li>\n<h2>gato negro cabernet sauvingon<\/h2>\n<\/li>\n<li>\n<h2>alandra tinto<\/h2>\n<\/li>\n<\/ul>\n\n","protected":false},"excerpt":{"rendered":"<p>DIVERSOS \u00e1gua com g\u00e1s \u00e1gua sem g\u00e1s ice tea pessego ice tea lim\u00e3o ice tea matte energ\u00e9tico suco del vale SUCOS (copo ou jarra) abacaxi acerola laranja laranja com acerola limonada maracuj\u00e1 maracuj\u00e1 com leite morango morango com leite REFRIGERANTE citrus coca-cola coca-cola zero guaran\u00e1 guaran\u00e1 zero fanta fanta guaran\u00e1 h2o lim\u00e3o h2o limoneto sprite <\/p>\n<p class=\"more-class\"><a class=\"more-link darkbox\" href=\"http:\/\/restaurantemiyo.com.br\/index.php\/bebidas\/\">Leia mais<\/a><\/p>\n","protected":false},"author":1,"featured_media":0,"parent":0,"menu_order":0,"comment_status":"closed","ping_status":"closed","template":"","meta":[],"yoast_head":"<!-- This site is optimized with the Yoast SEO plugin v20.1 - https:\/\/yoast.com\/wordpress\/plugins\/seo\/ -->\n<title>Bebidas - Restaurante Miyo<\/title>\n<meta name=\"robots\" content=\"index, follow, max-snippet:-1, max-image-preview:large, max-video-preview:-1\" \/>\n<link rel=\"canonical\" href=\"https:\/\/restaurantemiyo.com.br\/index.php\/bebidas\/\" \/>\n<meta property=\"og:locale\" content=\"pt_BR\" \/>\n<meta property=\"og:type\" content=\"article\" \/>\n<meta property=\"og:title\" content=\"Bebidas - Restaurante Miyo\" \/>\n<meta property=\"og:description\" content=\"DIVERSOS \u00e1gua com g\u00e1s \u00e1gua sem g\u00e1s ice tea pessego ice tea lim\u00e3o ice tea matte energ\u00e9tico suco del vale SUCOS (copo ou jarra) abacaxi acerola laranja laranja com acerola limonada maracuj\u00e1 maracuj\u00e1 com leite morango morango com leite REFRIGERANTE citrus coca-cola coca-cola zero guaran\u00e1 guaran\u00e1 zero fanta fanta guaran\u00e1 h2o lim\u00e3o h2o limoneto sprite Leia mais\" \/>\n<meta property=\"og:url\" content=\"https:\/\/restaurantemiyo.com.br\/index.php\/bebidas\/\" \/>\n<meta property=\"og:site_name\" content=\"Restaurante Miyo\" \/>\n<meta property=\"article:modified_time\" content=\"2021-08-01T02:02:20+00:00\" \/>\n<meta name=\"twitter:label1\" content=\"Est. tempo de leitura\" \/>\n\t<meta name=\"twitter:data1\" content=\"1 minuto\" \/>\n<script type=\"application\/ld+json\" class=\"yoast-schema-graph\">{\"@context\":\"https:\/\/schema.org\",\"@graph\":[{\"@type\":\"WebPage\",\"@id\":\"https:\/\/restaurantemiyo.com.br\/index.php\/bebidas\/\",\"url\":\"https:\/\/restaurantemiyo.com.br\/index.php\/bebidas\/\",\"name\":\"Bebidas - Restaurante Miyo\",\"isPartOf\":{\"@id\":\"http:\/\/restaurantemiyo.com.br\/#website\"},\"datePublished\":\"2021-07-27T00:06:52+00:00\",\"dateModified\":\"2021-08-01T02:02:20+00:00\",\"breadcrumb\":{\"@id\":\"https:\/\/restaurantemiyo.com.br\/index.php\/bebidas\/#breadcrumb\"},\"inLanguage\":\"pt-BR\",\"potentialAction\":[{\"@type\":\"ReadAction\",\"target\":[\"https:\/\/restaurantemiyo.com.br\/index.php\/bebidas\/\"]}]},{\"@type\":\"BreadcrumbList\",\"@id\":\"https:\/\/restaurantemiyo.com.br\/index.php\/bebidas\/#breadcrumb\",\"itemListElement\":[{\"@type\":\"ListItem\",\"position\":1,\"name\":\"In\u00edcio\",\"item\":\"http:\/\/restaurantemiyo.com.br\/\"},{\"@type\":\"ListItem\",\"position\":2,\"name\":\"Bebidas\"}]},{\"@type\":\"WebSite\",\"@id\":\"http:\/\/restaurantemiyo.com.br\/#website\",\"url\":\"http:\/\/restaurantemiyo.com.br\/\",\"name\":\"Restaurante Miyo\",\"description\":\"A melhor comida japonesa de Curitiba\",\"potentialAction\":[{\"@type\":\"SearchAction\",\"target\":{\"@type\":\"EntryPoint\",\"urlTemplate\":\"http:\/\/restaurantemiyo.com.br\/?s={search_term_string}\"},\"query-input\":\"required name=search_term_string\"}],\"inLanguage\":\"pt-BR\"}]}<\/script>\n<!-- \/ Yoast SEO plugin. -->","yoast_head_json":{"title":"Bebidas - Restaurante Miyo","robots":{"index":"index","follow":"follow","max-snippet":"max-snippet:-1","max-image-preview":"max-image-preview:large","max-video-preview":"max-video-preview:-1"},"canonical":"https:\/\/restaurantemiyo.com.br\/index.php\/bebidas\/","og_locale":"pt_BR","og_type":"article","og_title":"Bebidas - Restaurante Miyo","og_description":"DIVERSOS \u00e1gua com g\u00e1s \u00e1gua sem g\u00e1s ice tea pessego ice tea lim\u00e3o ice tea matte energ\u00e9tico suco del vale SUCOS (copo ou jarra) abacaxi acerola laranja laranja com acerola limonada maracuj\u00e1 maracuj\u00e1 com leite morango morango com leite REFRIGERANTE citrus coca-cola coca-cola zero guaran\u00e1 guaran\u00e1 zero fanta fanta guaran\u00e1 h2o lim\u00e3o h2o limoneto sprite Leia mais","og_url":"https:\/\/restaurantemiyo.com.br\/index.php\/bebidas\/","og_site_name":"Restaurante Miyo","article_modified_time":"2021-08-01T02:02:20+00:00","twitter_misc":{"Est. tempo de leitura":"1 minuto"},"schema":{"@context":"https:\/\/schema.org","@graph":[{"@type":"WebPage","@id":"https:\/\/restaurantemiyo.com.br\/index.php\/bebidas\/","url":"https:\/\/restaurantemiyo.com.br\/index.php\/bebidas\/","name":"Bebidas - Restaurante Miyo","isPartOf":{"@id":"http:\/\/restaurantemiyo.com.br\/#website"},"datePublished":"2021-07-27T00:06:52+00:00","dateModified":"2021-08-01T02:02:20+00:00","breadcrumb":{"@id":"https:\/\/restaurantemiyo.com.br\/index.php\/bebidas\/#breadcrumb"},"inLanguage":"pt-BR","potentialAction":[{"@type":"ReadAction","target":["https:\/\/restaurantemiyo.com.br\/index.php\/bebidas\/"]}]},{"@type":"BreadcrumbList","@id":"https:\/\/restaurantemiyo.com.br\/index.php\/bebidas\/#breadcrumb","itemListElement":[{"@type":"ListItem","position":1,"name":"In\u00edcio","item":"http:\/\/restaurantemiyo.com.br\/"},{"@type":"ListItem","position":2,"name":"Bebidas"}]},{"@type":"WebSite","@id":"http:\/\/restaurantemiyo.com.br\/#website","url":"http:\/\/restaurantemiyo.com.br\/","name":"Restaurante Miyo","description":"A melhor comida japonesa de Curitiba","potentialAction":[{"@type":"SearchAction","target":{"@type":"EntryPoint","urlTemplate":"http:\/\/restaurantemiyo.com.br\/?s={search_term_string}"},"query-input":"required name=search_term_string"}],"inLanguage":"pt-BR"}]}},"_links":{"self":[{"href":"http:\/\/restaurantemiyo.com.br\/index.php\/wp-json\/wp\/v2\/pages\/1112"}],"collection":[{"href":"http:\/\/restaurantemiyo.com.br\/index.php\/wp-json\/wp\/v2\/pages"}],"about":[{"href":"http:\/\/restaurantemiyo.com.br\/index.php\/wp-json\/wp\/v2\/types\/page"}],"author":[{"embeddable":true,"href":"http:\/\/restaurantemiyo.com.br\/index.php\/wp-json\/wp\/v2\/users\/1"}],"replies":[{"embeddable":true,"href":"http:\/\/restaurantemiyo.com.br\/index.php\/wp-json\/wp\/v2\/comments?post=1112"}],"version-history":[{"count":4,"href":"http:\/\/restaurantemiyo.com.br\/index.php\/wp-json\/wp\/v2\/pages\/1112\/revisions"}],"predecessor-version":[{"id":1126,"href":"http:\/\/restaurantemiyo.com.br\/index.php\/wp-json\/wp\/v2\/pages\/1112\/revisions\/1126"}],"wp:attachment":[{"href":"http:\/\/restaurantemiyo.com.br\/index.php\/wp-json\/wp\/v2\/media?parent=1112"}],"curies":[{"name":"wp","href":"https:\/\/api.w.org\/{rel}","templated":true}]}}