{"id":8,"date":"2012-10-01T01:48:00","date_gmt":"2012-10-01T01:48:00","guid":{"rendered":"http:\/\/restaurantemiyo.com.br\/?page_id=8"},"modified":"2013-01-23T17:49:05","modified_gmt":"2013-01-23T20:49:05","slug":"contato","status":"publish","type":"page","link":"http:\/\/restaurantemiyo.com.br\/index.php\/contato\/","title":{"rendered":"Contato"},"content":{"rendered":"\n<div class=\"wpcf7 no-js\" id=\"wpcf7-f52-o1\" lang=\"\" dir=\"ltr\">\n<div class=\"screen-reader-response\"><p role=\"status\" aria-live=\"polite\" aria-atomic=\"true\"><\/p> <ul><\/ul><\/div>\n<form action=\"\/index.php\/wp-json\/wp\/v2\/pages\/8#wpcf7-f52-o1\" method=\"post\" class=\"wpcf7-form init\" aria-label=\"Formul\u00e1rios de contato\" novalidate=\"novalidate\" data-status=\"init\">\n<div style=\"display: none;\">\n<input type=\"hidden\" name=\"_wpcf7\" value=\"52\" \/>\n<input type=\"hidden\" name=\"_wpcf7_version\" value=\"5.7.3\" \/>\n<input type=\"hidden\" name=\"_wpcf7_locale\" value=\"\" \/>\n<input type=\"hidden\" name=\"_wpcf7_unit_tag\" value=\"wpcf7-f52-o1\" \/>\n<input type=\"hidden\" name=\"_wpcf7_container_post\" value=\"0\" \/>\n<input type=\"hidden\" name=\"_wpcf7_posted_data_hash\" value=\"\" \/>\n<\/div>\n<p>Seu nome (obrigat\u00f3rio)\n<\/p>\n<p><span class=\"wpcf7-form-control-wrap\" data-name=\"your-name\"><input size=\"40\" class=\"wpcf7-form-control wpcf7-text wpcf7-validates-as-required\" aria-required=\"true\" aria-invalid=\"false\" value=\"\" type=\"text\" name=\"your-name\" \/><\/span>\n<\/p>\n<p>Seu e-mail (obrigat\u00f3rio)\n<\/p>\n<p><span class=\"wpcf7-form-control-wrap\" data-name=\"your-email\"><input size=\"40\" class=\"wpcf7-form-control wpcf7-text wpcf7-email wpcf7-validates-as-required wpcf7-validates-as-email\" aria-required=\"true\" aria-invalid=\"false\" value=\"\" type=\"email\" name=\"your-email\" \/><\/span>\n<\/p>\n<p>Assunto\n<\/p>\n<p><span class=\"wpcf7-form-control-wrap\" data-name=\"your-subject\"><input size=\"40\" class=\"wpcf7-form-control wpcf7-text\" aria-invalid=\"false\" value=\"\" type=\"text\" name=\"your-subject\" \/><\/span>\n<\/p>\n<p>Sua mensagem\n<\/p>\n<p><span class=\"wpcf7-form-control-wrap\" data-name=\"your-message\"><textarea cols=\"40\" rows=\"10\" class=\"wpcf7-form-control wpcf7-textarea\" aria-invalid=\"false\" name=\"your-message\"><\/textarea><\/span>\n<\/p>\n<p><input class=\"wpcf7-form-control has-spinner wpcf7-submit\" type=\"submit\" value=\"Enviar\" \/>\n<\/p><p style=\"display: none !important;\"><label>&#916;<textarea name=\"_wpcf7_ak_hp_textarea\" cols=\"45\" rows=\"8\" maxlength=\"100\"><\/textarea><\/label><input type=\"hidden\" id=\"ak_js_1\" name=\"_wpcf7_ak_js\" value=\"78\"\/><script>document.getElementById( \"ak_js_1\" ).setAttribute( \"value\", ( new Date() ).getTime() );<\/script><\/p><div class=\"wpcf7-response-output\" aria-hidden=\"true\"><\/div>\n<\/form>\n<\/div>\n\n","protected":false},"excerpt":{"rendered":"","protected":false},"author":1,"featured_media":0,"parent":0,"menu_order":0,"comment_status":"open","ping_status":"open","template":"","meta":[],"yoast_head":"<!-- This site is optimized with the Yoast SEO plugin v20.1 - https:\/\/yoast.com\/wordpress\/plugins\/seo\/ -->\n<title>Contato | Restaurante Miyo<\/title>\n<meta name=\"description\" content=\"Com decora\u00e7\u00e3o inspirada no Jap\u00e3o moderno, a casa serve pratos contempor\u00e2neos com leve toque de sofistica\u00e7\u00e3o, unindo o Jap\u00e3o antigo com a modernidade atual.\" \/>\n<meta name=\"robots\" content=\"index, follow, max-snippet:-1, max-image-preview:large, max-video-preview:-1\" \/>\n<link rel=\"canonical\" href=\"http:\/\/restaurantemiyo.com.br\/index.php\/contato\/\" \/>\n<meta property=\"og:locale\" content=\"pt_BR\" \/>\n<meta property=\"og:type\" content=\"article\" \/>\n<meta property=\"og:title\" content=\"Contato | Restaurante Miyo\" \/>\n<meta property=\"og:description\" content=\"Com decora\u00e7\u00e3o inspirada no Jap\u00e3o moderno, a casa serve pratos contempor\u00e2neos com leve toque de sofistica\u00e7\u00e3o, unindo o Jap\u00e3o antigo com a modernidade atual.\" \/>\n<meta property=\"og:url\" content=\"http:\/\/restaurantemiyo.com.br\/index.php\/contato\/\" \/>\n<meta property=\"og:site_name\" content=\"Restaurante Miyo\" \/>\n<meta property=\"article:modified_time\" content=\"2013-01-23T20:49:05+00:00\" \/>\n<script type=\"application\/ld+json\" class=\"yoast-schema-graph\">{\"@context\":\"https:\/\/schema.org\",\"@graph\":[{\"@type\":\"WebPage\",\"@id\":\"http:\/\/restaurantemiyo.com.br\/index.php\/contato\/\",\"url\":\"http:\/\/restaurantemiyo.com.br\/index.php\/contato\/\",\"name\":\"Contato | Restaurante Miyo\",\"isPartOf\":{\"@id\":\"http:\/\/restaurantemiyo.com.br\/#website\"},\"datePublished\":\"2012-10-01T01:48:00+00:00\",\"dateModified\":\"2013-01-23T20:49:05+00:00\",\"description\":\"Com decora\u00e7\u00e3o inspirada no Jap\u00e3o moderno, a casa serve pratos contempor\u00e2neos com leve toque de sofistica\u00e7\u00e3o, unindo o Jap\u00e3o antigo com a modernidade atual.\",\"breadcrumb\":{\"@id\":\"http:\/\/restaurantemiyo.com.br\/index.php\/contato\/#breadcrumb\"},\"inLanguage\":\"pt-BR\",\"potentialAction\":[{\"@type\":\"ReadAction\",\"target\":[\"http:\/\/restaurantemiyo.com.br\/index.php\/contato\/\"]}]},{\"@type\":\"BreadcrumbList\",\"@id\":\"http:\/\/restaurantemiyo.com.br\/index.php\/contato\/#breadcrumb\",\"itemListElement\":[{\"@type\":\"ListItem\",\"position\":1,\"name\":\"In\u00edcio\",\"item\":\"http:\/\/restaurantemiyo.com.br\/\"},{\"@type\":\"ListItem\",\"position\":2,\"name\":\"Contato\"}]},{\"@type\":\"WebSite\",\"@id\":\"http:\/\/restaurantemiyo.com.br\/#website\",\"url\":\"http:\/\/restaurantemiyo.com.br\/\",\"name\":\"Restaurante Miyo\",\"description\":\"A melhor comida japonesa de Curitiba\",\"potentialAction\":[{\"@type\":\"SearchAction\",\"target\":{\"@type\":\"EntryPoint\",\"urlTemplate\":\"http:\/\/restaurantemiyo.com.br\/?s={search_term_string}\"},\"query-input\":\"required name=search_term_string\"}],\"inLanguage\":\"pt-BR\"}]}<\/script>\n<!-- \/ Yoast SEO plugin. -->","yoast_head_json":{"title":"Contato | Restaurante Miyo","description":"Com decora\u00e7\u00e3o inspirada no Jap\u00e3o moderno, a casa serve pratos contempor\u00e2neos com leve toque de sofistica\u00e7\u00e3o, unindo o Jap\u00e3o antigo com a modernidade atual.","robots":{"index":"index","follow":"follow","max-snippet":"max-snippet:-1","max-image-preview":"max-image-preview:large","max-video-preview":"max-video-preview:-1"},"canonical":"http:\/\/restaurantemiyo.com.br\/index.php\/contato\/","og_locale":"pt_BR","og_type":"article","og_title":"Contato | Restaurante Miyo","og_description":"Com decora\u00e7\u00e3o inspirada no Jap\u00e3o moderno, a casa serve pratos contempor\u00e2neos com leve toque de sofistica\u00e7\u00e3o, unindo o Jap\u00e3o antigo com a modernidade atual.","og_url":"http:\/\/restaurantemiyo.com.br\/index.php\/contato\/","og_site_name":"Restaurante Miyo","article_modified_time":"2013-01-23T20:49:05+00:00","schema":{"@context":"https:\/\/schema.org","@graph":[{"@type":"WebPage","@id":"http:\/\/restaurantemiyo.com.br\/index.php\/contato\/","url":"http:\/\/restaurantemiyo.com.br\/index.php\/contato\/","name":"Contato | Restaurante Miyo","isPartOf":{"@id":"http:\/\/restaurantemiyo.com.br\/#website"},"datePublished":"2012-10-01T01:48:00+00:00","dateModified":"2013-01-23T20:49:05+00:00","description":"Com decora\u00e7\u00e3o inspirada no Jap\u00e3o moderno, a casa serve pratos contempor\u00e2neos com leve toque de sofistica\u00e7\u00e3o, unindo o Jap\u00e3o antigo com a modernidade atual.","breadcrumb":{"@id":"http:\/\/restaurantemiyo.com.br\/index.php\/contato\/#breadcrumb"},"inLanguage":"pt-BR","potentialAction":[{"@type":"ReadAction","target":["http:\/\/restaurantemiyo.com.br\/index.php\/contato\/"]}]},{"@type":"BreadcrumbList","@id":"http:\/\/restaurantemiyo.com.br\/index.php\/contato\/#breadcrumb","itemListElement":[{"@type":"ListItem","position":1,"name":"In\u00edcio","item":"http:\/\/restaurantemiyo.com.br\/"},{"@type":"ListItem","position":2,"name":"Contato"}]},{"@type":"WebSite","@id":"http:\/\/restaurantemiyo.com.br\/#website","url":"http:\/\/restaurantemiyo.com.br\/","name":"Restaurante Miyo","description":"A melhor comida japonesa de Curitiba","potentialAction":[{"@type":"SearchAction","target":{"@type":"EntryPoint","urlTemplate":"http:\/\/restaurantemiyo.com.br\/?s={search_term_string}"},"query-input":"required name=search_term_string"}],"inLanguage":"pt-BR"}]}},"_links":{"self":[{"href":"http:\/\/restaurantemiyo.com.br\/index.php\/wp-json\/wp\/v2\/pages\/8"}],"collection":[{"href":"http:\/\/restaurantemiyo.com.br\/index.php\/wp-json\/wp\/v2\/pages"}],"about":[{"href":"http:\/\/restaurantemiyo.com.br\/index.php\/wp-json\/wp\/v2\/types\/page"}],"author":[{"embeddable":true,"href":"http:\/\/restaurantemiyo.com.br\/index.php\/wp-json\/wp\/v2\/users\/1"}],"replies":[{"embeddable":true,"href":"http:\/\/restaurantemiyo.com.br\/index.php\/wp-json\/wp\/v2\/comments?post=8"}],"version-history":[{"count":9,"href":"http:\/\/restaurantemiyo.com.br\/index.php\/wp-json\/wp\/v2\/pages\/8\/revisions"}],"predecessor-version":[{"id":151,"href":"http:\/\/restaurantemiyo.com.br\/index.php\/wp-json\/wp\/v2\/pages\/8\/revisions\/151"}],"wp:attachment":[{"href":"http:\/\/restaurantemiyo.com.br\/index.php\/wp-json\/wp\/v2\/media?parent=8"}],"curies":[{"name":"wp","href":"https:\/\/api.w.org\/{rel}","templated":true}]}}